 Let c(i) = -i**2 + 13*i + 10. Let x be c(12). Let g = x + w. What is the units digit of g?
3
Let u = -20 + 22. What is the units digit of (0 + 2)*7/u?
7
Let x = -3 + 6. Suppose p = -0*m + 5*m - 17, 18 = x*m + 2*p. What is the units digit of m/(-14) + 37/7?
5
Let h be 2/(0 + (-3)/(-9)). Let k be -16 + (4/2 - 0). What is the units digit of (k/h)/(3/(-9))?
7
Suppose -8 = -2*h - 0. Let s(u) = -u**2 + 4*u - 3. Let f be s(h). Let t = f - -6. What is the units digit of t?
3
Let v = -10 - -1. Let j = -7 - v. Suppose j + 1 = h. What is the units digit of h?
3
Suppose -o + 34 = 6. What is the tens digit of o?
2
Let j(g) = 2*g - 4. Let x be j(3). Suppose 0 = x*v + 2*v - 116. What is the units digit of v?
9
Let w = 55 + -7. Suppose 3*p = -3*y + w, -3*p + 4*y = -y - 48. Suppose -2*x + p = -2. What is the units digit of x?
9
Suppose -o = 2*g + 2*o - 279, -3*g = -o - 435. What is the hundreds digit of g?
1
Let d = -89 - -216. What is the hundreds digit of d?
1
Let t(m) = -16*m - 8. What is the units digit of t(-11)?
8
Let g(y) = y**3 - 10*y**2 + 10*y - 2. Let b be g(9). Suppose 2*w = 5*i + 4, 5*i - 38 = -5*w + b. What is the units digit of w?
7
Suppose 3 = z - 3. Let w = 13 + z. Let f = w - 5. What is the units digit of f?
4
Suppose -11*u + 1336 = -523. What is the tens digit of u?
6
Suppose -v - 4 = 15. Let p = v - -34. What is the units digit of p?
5
Let d be 1/(9/(-6) + 2). Suppose -3*a - d*a + 140 = 0. Suppose -2*g + a = -0*g. What is the units digit of g?
4
Let v(b) = -6*b**2 - 1. Let j be v(-1). Let h = -6 - j. Suppose -5 = -4*u - h. What is the units digit of u?
1
Let f = 566 - 372. What is the hundreds digit of f?
1
Let h(c) = c - 10. Let z(u) = -1. Suppose -2*m = w - 6*m + 1, -m = 2*w + 2. Let n(q) = w*h(q) + 6*z(q). What is the units digit of n(3)?
1
Suppose 0 = i - 70 + 11. Suppose 39 = -3*b - 2*r - 6, -5*b + 2*r - i = 0. Let n = b - -31. What is the tens digit of n?
1
Suppose -4*s + 144 = 12. What is the units digit of s?
3
Let m = 187 + -125. What is the units digit of m?
2
Let n = 14 + -5. Let a = n - 4. What is the units digit of a?
5
Let v = 18 + -13. Suppose v*z - 8*z + 102 = 0. What is the tens digit of z?
3
Let i = 30 + -18. What is the units digit of 1/(-4) - (-63)/i?
5
Let b(w) be the second derivative of -w**4/12 - 7*w**3/6 - 2*w**2 - w. Let f(h) = 6*h**3 + 2*h**2 + 2*h + 1. Let j be f(-1). What is the units digit of b(j)?
6
Let n(b) = 7*b**2 + 24*b**2 - 2*b**2 + 8 - 7. What is the units digit of n(1)?
0
Let q be 5*(1 + 1)*-1. Let h = 22 + q. What is the tens digit of h?
1
Let y(x) = x**2 - 2*x - 5. Let p be y(4). Let b be (2 - (-8)/(-6))*p. Suppose 5*w - 2 = -2*m, 20 + 6 = 5*m + b*w. What is the units digit of m?
6
Suppose -10 - 15 = -5*x, -4*x = 5*v - 160. What is the units digit of v?
8
Let c(s) = s**3 - 10*s**2 - 2*s + 12. Let w be c(10). Suppose 5 = -5*m - 0*m, -4*m = -i + 6. Let y = i - w. What is the tens digit of y?
1
Let q(k) = -k**3 + 9*k**2 - 7*k - 3. Let l = -11 - -19. Let w be q(l). Suppose -5*m = -6*m + w. What is the units digit of m?
5
Let f(g) = -12*g - 4. Let s = 10 + -14. Let h be f(s). Suppose -4*z - h = -4*r, -z = -2*r + 4*r - 13. What is the units digit of r?
8
Let o(l) = l**2 + 34. Let u be o(0). Suppose 26 + u = 3*j. What is the tens digit of j?
2
Let d = -7 - -15. Suppose 4*t = 5*t - 4. What is the units digit of 2/t*d*1?
4
What is the tens digit of (-4896)/(-252) + (-4)/(-14)*2?
2
Let i be 1 + 4 - (-7 + 5). Suppose i = s + q - 2, 2*s = 2*q + 18. What is the units digit of s?
9
Suppose -2*y - y + 18 = 0. Let x(u) = -u**2 - 6*u - 5. Let j be x(-5). Let l = j + y. What is the units digit of l?
6
Suppose -5*j - 21 + 1 = 0. What is the units digit of ((-6)/j)/((-6)/(-8))?
2
Let h = 18 - 21. What is the units digit of h*(-19 - 4/(-1))?
5
Suppose 3*j = 3*u - 42, -5*u = -2*u + 4*j - 63. Suppose 3*l = -2*o + 5, 5*l - 3 = -o + u. What is the units digit of (-20)/(-6)*6/l?
4
Let d(g) = 6*g + 11. What is the tens digit of d(13)?
8
Let z be ((-42)/24)/(1/4). Let l = 6 - z. What is the tens digit of l?
1
What is the units digit of ((-126)/(-105))/(3/70)?
8
Let s(m) = -m + 21. Let d be s(0). Suppose 0 + d = l. What is the units digit of l?
1
Let k = 181 + -108. What is the units digit of k?
3
Let i(v) = -v**2 - 7*v - 6. Let a be i(-4). Suppose 2*t = 5*g - 37, t + a = -2*g + 28. What is the units digit of g?
9
Let g(k) = 20*k**2 - 2*k + 1. Suppose 1 = b - 0. What is the tens digit of g(b)?
1
Suppose -50 = -i + 4*l, -3*i - 4*l + 50 + 84 = 0. What is the tens digit of i?
4
What is the units digit of 4/(3 + (-7)/3)?
6
Let y(n) = -n**2 + 8*n + 2. Let s be y(8). Let g(o) = s - 2*o - 2*o + o**2 + o + 0. What is the units digit of g(3)?
2
Let c = 92 - 52. What is the units digit of c?
0
Suppose 0 = -3*l - 0*n - 2*n + 1, 5*l = 5*n + 35. Suppose 4*r - l*w = 123, -48 = -3*r - 4*w + 38. What is the tens digit of r?
3
Suppose 10 + 0 = 2*o. Suppose -5*s - 14 = -3*t - t, o*s = -4*t - 6. Let p = 0 + t. What is the units digit of p?
1
Suppose -5*p = 4*d - 22, p + 6 = 4*d - 4. Suppose d*b - 67 - 29 = 0. What is the tens digit of b?
3
Suppose -4*l - 5*b + 7 = -8, 3*l - 3*b + 9 = 0. Suppose -2*v + l*v = -3*k - 4, 2*k - 4 = -2*v. What is the units digit of v?
2
What is the hundreds digit of (-2)/(-14) + (-3412)/(-28)?
1
Let x be (0/(-5))/((-1)/(-1)). Suppose 0 = h - x*h - 27. What is the tens digit of h?
2
Suppose 8*h = 26 + 462. What is the tens digit of h?
6
Let r be 3*5*(-8)/10. Suppose 0 = q + q - 36. What is the units digit of (q/(-8))/(3/r)?
9
Let f(n) = 19*n + 11. What is the tens digit of f(4)?
8
Let c(y) = -3*y - 3. Let s be c(-2). Suppose -2*d = -10, -4*z + s*d = -3*z + 14. What is the units digit of -1 - (-3 - (z + -1))?
2
Suppose 0 = -2*f + n - 17 - 7, -4*n - 47 = 5*f. Let s(h) = -h**3 - 11*h**2 - h - 7. Let c be s(f). What is the units digit of (-3)/(-2)*c/6?
1
Let b = -8 - -6. What is the units digit of (-4900)/(-154) + b/(-11)?
2
Suppose -2*z + 134 = 3*n, 12 + 28 = n - 4*z. Suppose 2*x - n = -0*x. What is the units digit of x?
2
What is the tens digit of ((-48)/3 + 3)*-1?
1
Let o(f) = f + 20. Let m be o(-16). Suppose -3 = 5*p - m*r, -4*p + 0*r = -r - 2. What is the units digit of p?
1
What is the tens digit of (-344)/(-16) + 2/4?
2
Let z(j) = j**2 + 6*j - 5. Let s be z(-6). Let i = 6 - s. Let q = i + -8. What is the units digit of q?
3
Let y = -6 - -12. Let g = y - -42. What is the units digit of g?
8
Let n = -27 + 25. Let u(l) = l**3 + 5*l**2 - 4. What is the units digit of u(n)?
8
Suppose -649 = 8*z - 19*z. What is the tens digit of z?
5
Let f(k) = -k**2 - 7*k - 6. Let h be f(-6). Suppose h = -0*x - 4*x - 4. What is the units digit of (0 - 1/x)*5?
5
Suppose 17 = 3*r + 5*k, r + 3*k - 12 = -r. Let o be ((-3)/r)/(2/6). Let y = o + 7. What is the units digit of y?
6
Let t(h) = 2*h**2 + 7*h + 5. Let j be t(-4). Let k = j - 7. Suppose -k*q = -0*q - 36. What is the tens digit of q?
1
Let d(j) = j**3 - 2*j - 1. Suppose 3*q - 8 = -q. What is the units digit of d(q)?
3
Suppose 0 = -0*s - 5*s - 70. Let q = -10 + s. Let y = 44 + q. What is the units digit of y?
0
Suppose -2*d + 98 = -0*i + 4*i, -i = -3*d - 7. Let w be i + -2 + 0 - -2. Suppose 2*j - w = 2*p, -3*j - 3*p + 39 = -0*p. What is the units digit of j?
2
Let q = 3 + 3. Let s(f) = f**2 - 5*f. Let h be s(q). What is the units digit of h/(-21) - 74/(-14)?
5
Let t(w) = -w**3 + 6*w**2 - 2*w - 6. Suppose 0*b - 3*b - 3 = 0. Let r be ((-2)/b)/(8/20). What is the units digit of t(r)?
9
Let t = -14 - -17. What is the units digit of t?
3
Suppose -q + 2*v + 71 + 61 = 0, -3*q = -5*v - 393. What is the hundreds digit of q?
1
Suppose -2*q + 4*q = 3*k - 15, -4*k - 5*q = -20. Suppose -42 - 43 = -k*r. What is the tens digit of r?
1
Let w(v) = v**3 - 11*v**2 - 11*v + 27. What is the units digit of w(12)?
9
Suppose -6*s + s = -85. What is the tens digit of s?
1
Let a(u) = u**3 - 5*u**2 + 2*u - 7. Let p be a(5). Let x be -39 + (-5 - -2)/p. What is the units digit of x/(-7) + (-6)/(-21)?
6
Let k(u) be the second derivative of 21*u**5/20 + u**4/12 - u**2/2 - 3*u. What is the units digit of k(1)?
1
What is the tens digit of 2/12 - 1507/(-66)?
2
Let y(z) be the third derivative of -1/60*z**5 - z**2 + z**3 - 1/24*z**4 + 0 + 0*z. What is the units digit of y(0)?
6
Suppose -21 = 3*n - 159. What is the uni